{"id":101,"date":"2017-03-01T14:32:08","date_gmt":"2017-03-01T13:32:08","guid":{"rendered":"https:\/\/www2.ruck-bau.de\/?page_id=101"},"modified":"2017-03-10T15:59:49","modified_gmt":"2017-03-10T14:59:49","slug":"prinzip","status":"publish","type":"page","link":"https:\/\/www.ruck-bau.de\/?page_id=101","title":{"rendered":"Prinzip"},"content":{"rendered":"<div id=\"pl-101\"  class=\"panel-layout\" ><div id=\"pg-101-0\"  class=\"panel-grid panel-has-style\" ><div style=\"padding: 0px 0; \" data-overlay=\"true\" data-overlay-color=\"#000000\" class=\"panel-row-style panel-row-style-for-101-0\" ><div id=\"pgc-101-0-0\"  class=\"panel-grid-cell\" ><div id=\"panel-101-0-0-0\" class=\"so-panel widget widget_sow-image panel-first-child panel-last-child\" data-index=\"0\" ><div style=\"text-align: left;\" data-title-color=\"#443f3f\" data-headings-color=\"#443f3f\" class=\"panel-widget-style panel-widget-style-for-101-0-0-0\" ><div\n\t\t\t\n\t\t\tclass=\"so-widget-sow-image so-widget-sow-image-default-8b5b6f678277-101\"\n\t\t\t\n\t\t>\n<div class=\"sow-image-container\">\n\t\t<img \n\tsrc=\"https:\/\/www.ruck-bau.de\/wp-content\/uploads\/2017\/03\/wordcloud1-e1489008691717.png\" width=\"1915\" height=\"540\" srcset=\"https:\/\/www.ruck-bau.de\/wp-content\/uploads\/2017\/03\/wordcloud1-e1489008691717.png 1915w, https:\/\/www.ruck-bau.de\/wp-content\/uploads\/2017\/03\/wordcloud1-e1489008691717-300x85.png 300w, https:\/\/www.ruck-bau.de\/wp-content\/uploads\/2017\/03\/wordcloud1-e1489008691717-768x217.png 768w, https:\/\/www.ruck-bau.de\/wp-content\/uploads\/2017\/03\/wordcloud1-e1489008691717-1024x289.png 1024w, https:\/\/www.ruck-bau.de\/wp-content\/uploads\/2017\/03\/wordcloud1-e1489008691717-830x234.png 830w, https:\/\/www.ruck-bau.de\/wp-content\/uploads\/2017\/03\/wordcloud1-e1489008691717-230x65.png 230w, https:\/\/www.ruck-bau.de\/wp-content\/uploads\/2017\/03\/wordcloud1-e1489008691717-350x99.png 350w, https:\/\/www.ruck-bau.de\/wp-content\/uploads\/2017\/03\/wordcloud1-e1489008691717-480x135.png 480w\" sizes=\"(max-width: 1915px) 100vw, 1915px\" title=\"wordcloud(1)\" alt=\"\" \t\tclass=\"so-widget-image\"\/>\n\t<\/div>\n\n<\/div><\/div><\/div><\/div><\/div><\/div><div id=\"pg-101-1\"  class=\"panel-grid panel-has-style\" ><div style=\"padding: 10px 0; \" data-overlay=\"true\" data-overlay-color=\"#000000\" class=\"panel-row-style panel-row-style-for-101-1\" ><div id=\"pgc-101-1-0\"  class=\"panel-grid-cell panel-grid-cell-empty\" ><\/div><\/div><\/div><div id=\"pg-101-2\"  class=\"panel-grid panel-has-style\" ><div style=\"padding: 0px 0; \" data-overlay=\"true\" data-overlay-color=\"#000000\" class=\"panel-row-style panel-row-style-for-101-2\" ><div id=\"pgc-101-2-0\"  class=\"panel-grid-cell\" ><div id=\"panel-101-2-0-0\" class=\"so-panel widget widget_sow-editor panel-first-child panel-last-child\" data-index=\"1\" ><div style=\"text-align: left;\" data-title-color=\"#443f3f\" data-headings-color=\"#dd3333\" class=\"panel-widget-style panel-widget-style-for-101-2-0-0\" ><div\n\t\t\t\n\t\t\tclass=\"so-widget-sow-editor so-widget-sow-editor-base\"\n\t\t\t\n\t\t>\n<div class=\"siteorigin-widget-tinymce textwidget\">\n\t<p>Das Bauunternehmen Hartmut Ruck steht f\u00fcr Zuverl\u00e4ssigkeit und Verantwortung. Wir sind seit mehr als zehn Jahren Ihr Berater und Begleiter von der Planung bis hin zur fachgerechten und p\u00fcnktlichen Umsetzung Ihres Bauvorhabens.<\/p>\n<p>Durch unsere Erfahrung, die erlernten Fachkenntnisse und das gesammelte Wissen entsteht in stetiger R\u00fcckkopplung mit Ihrem Architektenteam Schritt f\u00fcr Schritt Ihr pers\u00f6nliches Traumobjekt.<\/p>\n<\/div>\n<\/div><\/div><\/div><\/div><\/div><\/div><\/div>","protected":false},"excerpt":{"rendered":"<p>Das Bauunternehmen Hartmut Ruck steht f\u00fcr Zuverl\u00e4ssigkeit und Verantwortung. Wir sind seit mehr als zehn Jahren Ihr Berater und Begleiter von der [&hellip;]<\/p>\n","protected":false},"author":2,"featured_media":0,"parent":0,"menu_order":0,"comment_status":"closed","ping_status":"closed","template":"","meta":{"footnotes":""},"class_list":["post-101","page","type-page","status-publish","hentry"],"_links":{"self":[{"href":"https:\/\/www.ruck-bau.de\/index.php?rest_route=\/wp\/v2\/pages\/101","targetHints":{"allow":["GET"]}}],"collection":[{"href":"https:\/\/www.ruck-bau.de\/index.php?rest_route=\/wp\/v2\/pages"}],"about":[{"href":"https:\/\/www.ruck-bau.de\/index.php?rest_route=\/wp\/v2\/types\/page"}],"author":[{"embeddable":true,"href":"https:\/\/www.ruck-bau.de\/index.php?rest_route=\/wp\/v2\/users\/2"}],"replies":[{"embeddable":true,"href":"https:\/\/www.ruck-bau.de\/index.php?rest_route=%2Fwp%2Fv2%2Fcomments&post=101"}],"version-history":[{"count":9,"href":"https:\/\/www.ruck-bau.de\/index.php?rest_route=\/wp\/v2\/pages\/101\/revisions"}],"predecessor-version":[{"id":291,"href":"https:\/\/www.ruck-bau.de\/index.php?rest_route=\/wp\/v2\/pages\/101\/revisions\/291"}],"wp:attachment":[{"href":"https:\/\/www.ruck-bau.de\/index.php?rest_route=%2Fwp%2Fv2%2Fmedia&parent=101"}],"curies":[{"name":"wp","href":"https:\/\/api.w.org\/{rel}","templated":true}]}}