{"id":86,"date":"2017-03-01T14:17:48","date_gmt":"2017-03-01T13:17:48","guid":{"rendered":"https:\/\/www2.ruck-bau.de\/?page_id=86"},"modified":"2017-03-12T16:22:27","modified_gmt":"2017-03-12T15:22:27","slug":"landwirtschaft-und-gewerbegebaeude","status":"publish","type":"page","link":"https:\/\/www.ruck-bau.de\/?page_id=86","title":{"rendered":"Landwirtschafts- und Gewerbegeb\u00e4ude"},"content":{"rendered":"<div id=\"pl-86\"  class=\"panel-layout\" ><div id=\"pg-86-0\"  class=\"panel-grid panel-has-style\" ><div style=\"padding: 0px 0; \" data-overlay=\"true\" data-overlay-color=\"#000000\" class=\"panel-row-style panel-row-style-for-86-0\" ><div id=\"pgc-86-0-0\"  class=\"panel-grid-cell\" ><div id=\"panel-86-0-0-0\" class=\"so-panel widget widget_sow-editor panel-first-child panel-last-child\" data-index=\"0\" ><div\n\t\t\t\n\t\t\tclass=\"so-widget-sow-editor so-widget-sow-editor-base\"\n\t\t\t\n\t\t>\n<div class=\"siteorigin-widget-tinymce textwidget\">\n\t<p>Ob Neubau von Gewerbegeb\u00e4uden, Errichtung von industriellen Hallen\u00a0und landwirtschaftlichen St\u00e4llen\u00a0oder Modernisierungsarbeiten von bestehenden Geb\u00e4uden - jahrelange Erfahrung bei der erfolgreichen Realisation verschiedenster Geb\u00e4ude qualifizieren uns zum optimalen Partner bei Gro\u00dfprojekten. Zu unserem Leistungsspektrum geh\u00f6ren neben klassischen Einfamilienwohnh\u00e4usern auch B\u00fcro- und Industriegeb\u00e4ude.<\/p>\n<p>Gerne beraten wir Sie auch hinsichtlich aller anfallenden Arbeiten im Vorfeld einer Hallenkonstruktion aus Holz- oder Stahlelementen. Unser Leistungsspektrum reicht von s\u00e4mtlichen\u00a0Erdarbeiten wie Aushub- und Entw\u00e4sserungsarbeiten \u00fcber die Anfertigung einer passgenauen Betonplatte bis hin zur Fertigstellung gro\u00dffl\u00e4chiger\u00a0Au\u00dfenanlagen.<\/p>\n<\/div>\n<\/div><\/div><\/div><\/div><\/div><div id=\"pg-86-1\"  class=\"panel-grid panel-has-style\" ><div style=\"padding: 30px 0; \" data-overlay=\"true\" data-overlay-color=\"#000000\" class=\"panel-row-style panel-row-style-for-86-1\" ><div id=\"pgc-86-1-0\"  class=\"panel-grid-cell\" ><div id=\"panel-86-1-0-0\" class=\"so-panel widget widget_sow-image panel-first-child panel-last-child\" data-index=\"1\" ><div style=\"text-align: left;\" data-title-color=\"#443f3f\" data-headings-color=\"#443f3f\" class=\"panel-widget-style panel-widget-style-for-86-1-0-0\" ><div\n\t\t\t\n\t\t\tclass=\"so-widget-sow-image so-widget-sow-image-default-8b5b6f678277-86\"\n\t\t\t\n\t\t>\n<div class=\"sow-image-container\">\n\t\t<img \n\tsrc=\"https:\/\/www.ruck-bau.de\/wp-content\/uploads\/2017\/03\/Landwirtschaft-B-II-e1489163328972.jpg\" width=\"1000\" height=\"667\" sizes=\"(max-width: 1000px) 100vw, 1000px\" title=\"Landwirtschaft B (II)\" alt=\"\" \t\tclass=\"so-widget-image\"\/>\n\t<\/div>\n\n<\/div><\/div><\/div><\/div><div id=\"pgc-86-1-1\"  class=\"panel-grid-cell\" ><div id=\"panel-86-1-1-0\" class=\"so-panel widget widget_sow-image panel-first-child panel-last-child\" data-index=\"2\" ><div style=\"text-align: left;\" data-title-color=\"#443f3f\" data-headings-color=\"#443f3f\" class=\"panel-widget-style panel-widget-style-for-86-1-1-0\" ><div\n\t\t\t\n\t\t\tclass=\"so-widget-sow-image so-widget-sow-image-default-8b5b6f678277-86\"\n\t\t\t\n\t\t>\n<div class=\"sow-image-container\">\n\t\t<img \n\tsrc=\"https:\/\/www.ruck-bau.de\/wp-content\/uploads\/2017\/03\/Gewerbe-M-I-e1489163498131.jpg\" width=\"1000\" height=\"667\" sizes=\"(max-width: 1000px) 100vw, 1000px\" title=\"Gewerbe M (I)\" alt=\"\" \t\tclass=\"so-widget-image\"\/>\n\t<\/div>\n\n<\/div><\/div><\/div><\/div><div id=\"pgc-86-1-2\"  class=\"panel-grid-cell\" ><div id=\"panel-86-1-2-0\" class=\"so-panel widget widget_sow-image panel-first-child panel-last-child\" data-index=\"3\" ><div style=\"text-align: left;\" data-title-color=\"#443f3f\" data-headings-color=\"#443f3f\" class=\"panel-widget-style panel-widget-style-for-86-1-2-0\" ><div\n\t\t\t\n\t\t\tclass=\"so-widget-sow-image so-widget-sow-image-default-8b5b6f678277-86\"\n\t\t\t\n\t\t>\n<div class=\"sow-image-container\">\n\t\t<img \n\tsrc=\"https:\/\/www.ruck-bau.de\/wp-content\/uploads\/2017\/03\/Landwirtschaft-B-I-e1489163345826.jpg\" width=\"1000\" height=\"667\" sizes=\"(max-width: 1000px) 100vw, 1000px\" title=\"Landwirtschaft B (I)\" alt=\"\" \t\tclass=\"so-widget-image\"\/>\n\t<\/div>\n\n<\/div><\/div><\/div><\/div><\/div><\/div><\/div>","protected":false},"excerpt":{"rendered":"<p>Ob Neubau von Gewerbegeb\u00e4uden, Errichtung von industriellen Hallen\u00a0und landwirtschaftlichen St\u00e4llen\u00a0oder Modernisierungsarbeiten von bestehenden Geb\u00e4uden &#8211; jahrelange Erfahrung bei der erfolgreichen Realisation verschiedenster [&hellip;]<\/p>\n","protected":false},"author":2,"featured_media":0,"parent":51,"menu_order":0,"comment_status":"closed","ping_status":"closed","template":"","meta":{"footnotes":""},"class_list":["post-86","page","type-page","status-publish","hentry"],"_links":{"self":[{"href":"https:\/\/www.ruck-bau.de\/index.php?rest_route=\/wp\/v2\/pages\/86","targetHints":{"allow":["GET"]}}],"collection":[{"href":"https:\/\/www.ruck-bau.de\/index.php?rest_route=\/wp\/v2\/pages"}],"about":[{"href":"https:\/\/www.ruck-bau.de\/index.php?rest_route=\/wp\/v2\/types\/page"}],"author":[{"embeddable":true,"href":"https:\/\/www.ruck-bau.de\/index.php?rest_route=\/wp\/v2\/users\/2"}],"replies":[{"embeddable":true,"href":"https:\/\/www.ruck-bau.de\/index.php?rest_route=%2Fwp%2Fv2%2Fcomments&post=86"}],"version-history":[{"count":12,"href":"https:\/\/www.ruck-bau.de\/index.php?rest_route=\/wp\/v2\/pages\/86\/revisions"}],"predecessor-version":[{"id":348,"href":"https:\/\/www.ruck-bau.de\/index.php?rest_route=\/wp\/v2\/pages\/86\/revisions\/348"}],"up":[{"embeddable":true,"href":"https:\/\/www.ruck-bau.de\/index.php?rest_route=\/wp\/v2\/pages\/51"}],"wp:attachment":[{"href":"https:\/\/www.ruck-bau.de\/index.php?rest_route=%2Fwp%2Fv2%2Fmedia&parent=86"}],"curies":[{"name":"wp","href":"https:\/\/api.w.org\/{rel}","templated":true}]}}